
True
Let r be (-1218 - (0 + 1)) + 4. Let v = r - -2043. Suppose v = 4*f - 1168. Is f composite?
False
Let d = 13792 - 5863. Let t = -2006 + d. Is t composite?
False
Let w = 1793 - 970. Let a = w + -266. Is a prime?
True
Suppose 0 = -k - 3*o + 12, 0 = k + 3*k + o - 15. Let m(t) = -11*t**2 - 7*t - 7. Let g(w) = w**3 - 12*w**2 - 6*w - 7. Let v(c) = k*m(c) - 2*g(c). Is v(-7) prime?
False
Let r(j) = -j**3 + j**2 + 2*j + 1. Let k be r(2). Let o(p) = 2902*p**3 - p**2 - p + 1. Is o(k) a prime number?
False
Suppose -8*j - 1296 = -2*j. Let i be j/(-10) - (-51)/(-85). Suppose 6 = -3*p + i, 0 = -5*o - 4*p + 675. Is o prime?
True
Let g(d) = -d**3 - 4*d + 2411. Suppose -5*x + 2*x = 4*v - 12, 5*v - 4*x + 16 = 0. Is g(v) a composite number?
False
Let f(j) be the second derivative of -7*j**3/6 + 1187*j**2/2 + 15*j. Is f(0) prime?
True
Let z be -4 - 7/((-14)/(-10)). Let p be 0 + -3 + 5 + z. Let r(g) = 41*g**2 - 6*g - 34. Is r(p) a composite number?
False
Let q = -439 + 443. Suppose f - 663 = 4*m - 1887, 0 = q*m + f - 1216. Is m a composite number?
True
Let f = 2159 - -7601. Suppose 31073 = 9*w - f. Is w composite?
True
Let s = -148 + 192. Is (-8)/s - ((-12324)/22 - -3) a composite number?
False
Let k(n) = n**3 + 3*n**2 + 2*n - 7. Let q be k(-3). Let o = -1 - q. Suppose 0 = 2*c + 2*c - o, 0 = 3*l + 5*c - 2226. Is l a composite number?
True
Let n = 72118 + -35543. Let z = 54213 - n. Is z a composite number?
True
Let u(v) = 398*v + 11. Let w(y) = y - 1. Let d(k) = -u(k) + 2*w(k). Let g be d(-3). Let c = -424 + g. Is c a composite number?
False
Suppose -c - 6 = -7*g + 6*g, 5*g - 16 = -2*c. Suppose -a + 437 - 60 = 2*i, 0 = -2*a + g*i + 762. Is a composite?
False
Let g = 20172 + -8695. Is g a composite number?
True
Let t be 94/(-8) - (-5)/(-20). Let y be 1937/3 + (-4)/t. Let w = y + -395. Is w prime?
True
Suppose 695 = 4*d + 5*s - 5923, 0 = -d - s + 1655. Suppose 3*u + d + 1622 = 0. Is (u/4 - 1)/((-3)/12) composite?
False
Let q = -4 - -34. Let o = 15 + 846. Suppose -27*m - o = -q*m. Is m a composite number?
True
Let o(j) = -176*j - 79 + 341*j - 169*j + 18*j**2. Is o(22) a composite number?
True
Suppose -18*v = -17*v - 122. Is 2*(-9)/2*v/(-6) prime?
False
Let g(t) = -39*t - 2*t**3 + 52*t - 5*t**2 + 3*t**3 - 5 - 8*t**2. Let j be g(12). Suppose 6*d - j*d = -853. Is d prime?
True
Let c(q) = q**3 - 3*q**2 - q + 149. Suppose 0 = -68*t + 62*t. Is c(t) a composite number?
False
Is (1 + -2)/((-1213416)/(-173346) - 7) composite?
True
Let x be ((-22)/3 - 1) + 28/21. Let b be (-6)/(-21) - (-4 + (-16)/x). Suppose -v - 125 - 763 = -q, -3*q + b*v + 2665 = 0. Is q a composite number?
True
Suppose 48*d + 2992700 = 98*d. Is d composite?
True
Let d = -71 + 80. Let v(j) = j - 11. Let h be v(d). Is (h + -1247)*(-2 - -3)*-1 prime?
True
Is 10758/2 + 0 + -283 + 290 prime?
False
Suppose -4*z - 7 = c + 13, -2*c - 2*z = 34. Let x be -1*(2/c + 535/(-8)). Suppose 2*i + i - 216 = -3*h, -2*h = i - x. Is i composite?
True
Suppose -z - 43476 = 5*m, -4*m - 17406 - 17375 = z. Let g = m + 13832. Is g a composite number?
True
Suppose 27*i - 4*i + 11*i = 9181122. Is i a composite number?
True
Suppose -5*x = 12*w - 8*w - 3703271, 4*x - 4629091 = -5*w. Is w prime?
False
Let a(i) = 23*i**2 + 5*i - 67. Let m = -192 - -201. Is a(m) prime?
False
Let d(y) = 44*y - 7. Suppose 2*p = -2*u - u + 7, 3*p + 2*u - 8 = 0. Let z be (p - -1) + (-1)/((-2)/(-4)). Is d(z) a composite number?
False
Let r be 8/12*39/2. Suppose -11*f - r*f = -99048. Is f a composite number?
False
Let o be -3*(-1)/(-8) + 2091/136. Is (14384/20 - 0) + (-3)/o composite?
False
Suppose 51 = -7*w + 37. Is ((-934)/w)/(26/182) a prime number?
False
Let t(h) = -5*h + 25. Let j be t(5). Suppose j*f - f = -5. Suppose f*k - 7*k = -2798. Is k prime?
True
Is 15/(-2) - 426686/(-52) composite?
True
Let l(s) = 2966*s + 7. Let z be l(-3). Let g(t) = -125*t - 442. Let v be g(42). Let m = v - z. Is m a composite number?
True
Let u be (0 - -1)*2*1. Suppose -23 = -18*i + 31. Suppose -k - 872 = -m + u*k, 2676 = i*m + 3*k. Is m composite?
False
Suppose -5*b + 3*d = -7127, 2*b - 144*d = -141*d + 2858. Is b prime?
True
Suppose 0 = 4595*m - 4523*m - 31871088. Is m a prime number?
False
Let u(s) = -s**2 - 9*s - 11. Let h be u(-6). Let o(k) = 186*k**2 - 95*k**2 - 87*k**2 - 13 + h*k. Is o(8) composite?
True
Let b be (2/5)/(16/160) + 9. Suppose -6 = b*a - 32. Is (a/(-4))/((-1)/3554) a prime number?
True
Suppose -677*y - 10614050 = -727*y. Is y composite?
False
Is (-1)/((-62806900)/(-3305627) + -19) composite?
False
Let l be (-27)/6*(-4)/(-6) - -1. Let r be 10/6*12/(-8)*l. Suppose -2*o = -4*o - r*x + 296, -o + 141 = -x. Is o composite?
True
Let d(i) = 2*i**3 - 4*i**2 - 18*i - 13. Suppose 0 = p - 2*p - 4*n - 1, -p - 5 = 5*n. Is d(p) a composite number?
True
Suppose 358*j - 1939378 = -5*l + 357*j, -3*j - 387850 = -l. Is l a composite number?
True
Let n(o) = -413*o**3 + 10*o**2 - 6*o + 158. Is n(-11) a prime number?
False
Is ((-1972770)/1140)/(((-6)/148)/3) a composite number?
True
Suppose 0 = -3*x + 6*x + 3*x - 2175834. Is x a composite number?
True
Is (33/6 + -4)/(21/516502) composite?
True
Suppose k + u - 14 = 6*u, 5*u + 22 = 3*k. Suppose k*f - 553 = -21. Is f composite?
True
Let a(b) = -3*b - 65. Suppose -3 = -3*m, 5*o + 65 = 2*o - m. Let t be a(o). Is -55*t/(20/(-8)) prime?
False
Let y(k) = -k**2 - 6*k + 11. Let s be y(-7). Suppose 3*t + 4*b = 1939, -s = 2*b + 6. Is t a prime number?
True
Let s(g) = 71*g**2 - 32*g + 62. Let d be s(-12). Let u = d - 6049. Is u prime?
True
Suppose -5*k - 14300 = -5*m, -4*k - 8583 = -4*m + m. Let s = m + -1542. Is s a prime number?
False
Let l(d) be the first derivative of 15/4*d**4 + d**3 + 19 + 5*d - 5/2*d**2. Is l(2) prime?
True
Let n = -81 - -85. Suppose 5*l = 2*r + 24, -l + n*r + 6 = 3*r. Suppose -l*s = 2*o - 0*o - 5348, -3*o = s - 1327. Is s prime?
False
Let j = 1476223 + -1019136. Is j composite?
False
Is (1 + 0 + -2)*-97637 a prime number?
False
Let h be 3/6 + (-277)/2. Let f(b) = b - 27. Let c be f(23). Is c + (-4 - -12) - h a prime number?
False
Let c(t) = 1651*t**2 + 19*t - 67. Is c(3) prime?
False
Let b = -22829 + 9050. Is ((-2)/2)/((-55107)/b - 4) prime?
True
Let v be -14 + (1 - (-2 + 3 - 2)). Let q be 15/9 - (-8)/v - -1. Suppose 61 = q*y - 13. Is y a composite number?
False
Let j = 176 + -106. Suppose 2*n = 9*n - j. Suppose -7305 = -15*w + n*w. Is w a composite number?
True
Let q = 308 + -142. Suppose -n = x + n - q, -4*x - 2*n = -670. Let g = x + 23. Is g a prime number?
True
Let v = -128 + 130. Is (v - 8598/(-18))*3 prime?
True
Suppose 62721942 - 146293386 - 69999649 = -271*a. Is a prime?
False
Let j = -109 + 138. Let p(g) = g**3 - 28*g**2 + 24*g + 1. Let d be p(j). Suppose -35*q + 37*q = d. Is q a composite number?
False
Suppose 84248 + 154909 = p + 5*i, 0 = 2*p + 5*i - 478304. Is p a composite number?
False
Let h = 33 + -28. Suppose -9 = h*s - 44. Let n(p) = 122*p - 3. Is n(s) a prime number?
False
Suppose 10 = s + 17, -i = -5*s - 377266. Is i a composite number?
False
Is (-90 + 6)/(-6) + 126703 a prime number?
False
Suppose -2*s - 1526698 = -5*z, -z + 0*s + 2*s = -305338. Suppose 17*h - z = -3947. Is h prime?
True
Suppose 4636*n - 4676*n + 1586440 = 0. Is n a prime number?
False
Let d(g) = -11*g**3 + 20*g**2 + 18*g - 12. Let t be d(-17). Suppose -6*j + 49101 = -t. Is j a prime number?
False
Suppose -27*s = -3*k - 23*s + 172359, -287279 = -5*k + 2*s. Is k a prime number?
True
Let i be 13083/6 + 37/74. Suppose -6*d - i + 24999 = 0. Is d composite?
False
Let t(g) = 1349*g**2 - 7*g - 10. Let h(r) = -2*r**2 + 14*r + 13. Let v be h(8). Let n be t(v). Suppose -4473 = 7*j - n. Is j a prime number?
True
Suppose 0 = 5*c - 20, -2*r + 2*c - 3866 = -5*r. Suppose -11*t = -9*t - r. Let a = t - 326. Is a prime?
True
Suppose -10 = -5*y - 0*y. Let d = 3481 + -3478. Suppose -d*a = 9, 2332 + 457 = y*j + 3*a. Is j a composite number?
False
Suppose 3*h + c = 5799, h - 7740 = -3*h - 4*c. Let k = 936 - h. Let y = 1667 + k. Is y composite?
True
Let v(u) = -22905*u + 4882. Is v(-5) prime?
False
Suppose 9*h - 27 = 81. Let r be 1/2*2 + (13 - h). Suppose -5*s = 2*g - 2439, -r*s - 6083 = -5*g - 0*s. Is g composite?
False
Let s = -8440 + 19765. Suppose s + 786 = 3*g. Is g a composite number?
True
Suppose -2555070 + 1649893 - 3000393 = -10*a. Is a a 